-5 - 1/(-3)). Calculate the remainder when (-21)/14*t/6 is divided by 10.
8
Let s(u) be the second derivative of -11*u**3/6 + u**2/2 + 3*u - 9. Let x be 0 - 0 - (1 + 0). Calculate the remainder when 21 is divided by s(x).
9
Let t = -106 - -978. Calculate the remainder when t is divided by 46.
44
Suppose 0 = c + f - 22, -5*c + 3*f = -10*c + 104. What is the remainder when c is divided by 529/23 - (5 - -7)?
8
Let x = -483 - -502. Calculate the remainder when 51 is divided by x.
13
Calculate the remainder when -23*((6 - 7) + -1) is divided by 3.
1
Let a(c) = 61*c - 127. Calculate the remainder when a(17) is divided by 83.
80
Suppose 5*u - 5*h - 25 = 70, 2*u = -4*h + 56. Suppose 3*j + 450 = 4*r - 0*r, 5*r - 4*j = 563. Let b = -25 + r. Calculate the remainder when b is divided by u.
20
Let f(p) = -p**2 - 9*p. Let i be f(-10). Let d = 7 + i. What is the remainder when 25 is divided by (-46)/(-5) + d/15?
7
Let c(v) = 3*v + 20. Let a be c(-6). Suppose -a*m + 15 = -m. What is the remainder when 43 is divided by m?
13
Suppose 3345 = 28*y - 13*y. What is the remainder when y is divided by 33?
25
Let t = -1749 - -1759. Calculate the remainder when 13 is divided by t.
3
Let j be (-2)/(-6) + (-1818)/(-54). Suppose 0 = -3*o + 2 + j. What is the remainder when 47 is divided by o?
11
Let l = 2692 - 2663. What is the remainder when 136 is divided by l?
20
Let a = -46 - -56. What is the remainder when (-53)/(-2) - (-2)/4 is divided by a?
7
Let r = -6 + 7. Let p = r - -16. Suppose 21*g - 54 = 15*g. What is the remainder when p is divided by g?
8
Let h be (4/4 - 5) + 67. Let m = -31 + h. What is the remainder when m is divided by 12?
8
Let f be 2 - (-1 - -2) - 4. Suppose 3*b + 9 = 0, -38*r + 36*r + 50 = 4*b. Calculate the remainder when r is divided by (f/(-2))/(3/32).
15
Let b(f) = 73*f - 903. Calculate the remainder when 215 is divided by b(13).
31
Let t be (-1 - 2)*(-48)/36. Suppose 6*m - 4*m = 38. Suppose m + 25 = t*p. Calculate the remainder when 30 is divided by p.
8
Suppose 32*a - 37 = 31*a. Calculate the remainder when 184 is divided by a.
36
Let s(g) = -2*g**3 - 2*g**2 + 9*g + 2. Let m(w) = -w**3 + 3*w - 1. What is the remainder when s(-4) is divided by m(-3)?
11
Suppose -803 = -27*f + 655. Calculate the remainder when f is divided by 10.
4
Let o(x) = 324*x**2 + 1289*x - 5. Let c(q) = -4*q**3 + 1. What is the remainder when c(-2) is divided by o(-4)?
10
Let n be 4 + ((-40)/30)/(4/(-6)). Let d(x) be the second derivative of x**4/12 - 2*x**3/3 - 3*x**2 + 3*x. Calculate the remainder when 17 is divided by d(n).
5
Let q(v) = 16*v**2 + 4*v + 5. Let m be q(-4). What is the remainder when ((-18)/(-15))/(14/m) is divided by 11?
10
Suppose -4*b = -7*b + 5*p - 14, 2 = -3*b + 2*p. Suppose 4*g + b*g = 84. What is the remainder when g is divided by 5*(0 - 16/(-10))?
6
Let f be (630/75)/((6/(-10))/3). Let h = -3 - f. Calculate the remainder when 153 is divided by h.
36
What is the remainder when 146 is divided by -25*(6 + (-1)/((-6)/(-48)))?
46
Calculate the remainder when 27 is divided by ((-12)/(-7))/(6/28).
3
Suppose 27*c = 13*c + 3388. Calculate the remainder when c is divided by 31.
25
Suppose -2*h + 5*h - 72 = 0. Calculate the remainder when (h - 1)/(-7 - -8) is divided by 13.
10
Let f be (0 - -1) + (-387 - 0). Let y(x) = -8*x**2 + 3*x + 9. Let r be y(6). Let a = r - f. Calculate the remainder when a is divided by 32.
29
Let g = -770 + 789. What is the remainder when 201 is divided by g?
11
Let n = -351 + 397. What is the remainder when n is divided by 18?
10
Calculate the remainder when (-9785)/(-115) + (-4)/46 is divided by 18.
13
Let t(y) = 3*y - 5. Let i(d) = -2*d + 6. Let f(m) = -6*i(m) - 7*t(m). Calculate the remainder when f(-4) is divided by (-162)/12*(-10)/15.
8
Let d(j) = j**2 + 10*j + 6. Let v be d(-8). What is the remainder when 13 is divided by 4*40/(-64)*24/v?
1
Let m = 25 - 15. Suppose 0 = 4*b - 15 - 93. What is the remainder when b is divided by m?
7
Suppose -14*a = -9*a - 10. Suppose 4*r + a*q - 38 - 20 = 0, q = 5. Calculate the remainder when 23 is divided by r.
11
Let z(a) = -9*a**2 + 28*a - 9. Suppose 2*f + 2*f = 20. What is the remainder when z(2) is divided by f?
1
Let j = 818 + -804. Suppose -6*n - 116 = -4*w - 2*n, 0 = -n - 3. Calculate the remainder when w is divided by j.
12
Let b = -5 - -51. Let h(a) = a**3 + 13*a**2 + 14*a + 4. Let m be h(-12). Let t = 4 - m. Calculate the remainder when b is divided by t.
22
Let b(a) = -a**3 - 6*a**2 - 3*a + 12. Let x be b(-5). Calculate the remainder when (-84)/(-9)*3/x is divided by (-24)/(-5) + (-2)/(-10).
4
Calculate the remainder when 15*(-1)/3 + 26 is divided by 7.
0
Suppose -5*r = 20 - 110. What is the remainder when 51 is divided by r?
15
Let j(k) = -1 + 2*k + 10*k - 3 - 3. Suppose 3*s - 2*u + 7 = 4*s, 0 = -4*s - 3*u + 23. What is the remainder when j(s) is divided by 11?
9
Suppose 2 = -4*r + 14. Suppose -38 = l - r*l. What is the remainder when 37 is divided by l?
18
Let f = 665 + -616. Calculate the remainder when f is divided by 4.
1
Let n(p) = 6*p. Let k = 13 - 11. What is the remainder when 46 is divided by n(k)?
10
Suppose 3*g + 22 = w, 0*w - g + 22 = w. Calculate the remainder when w is divided by 0 - -3 - (1 - (11 - 0)).
9
Suppose 134 + 163 = 27*m. Calculate the remainder when 1515 is divided by m.
8
Let p = 7 - -1. Suppose 0 = -p*s + 7*s + 28. Let i(f) = f + 2. What is the remainder when s is divided by i(8)?
8
Let o = 684 - 397. Calculate the remainder when 292 is divided by o.
5
Let i = 377 + -363. Calculate the remainder when 629 is divided by i.
13
Suppose -4*t + 80 = 68. Suppose 2*s - 123 = 2*y + 163, 0 = t*s + 2*y - 434. Calculate the remainder when s is divided by 49.
46
Let s(u) = -u**2 - 23*u + 370. What is the remainder when s(-22) is divided by 11?
7
Let c(i) = 4*i + 121. Suppose -381 = -10*o + 239. What is the remainder when o is divided by c(-25)?
20
Calculate the remainder when 438 is divided by (2 - 217/(-2)) + 27/18.
102
Suppose -25*x + 426 + 299 = 0. What is the remainder when 80 is divided by x?
22
Let y(m) = -m**2 - 27*m + 1480. Let r(z) = -z**3 + 3*z**2 - z + 4. What is the remainder when r(-3) is divided by y(-54)?
17
Suppose 0 = 2*p + 12 - 4, 5*p + 45 = 5*k. Suppose 2 = -4*c + k*c. Suppose -u = c*u - 3. What is the remainder when 1 is divided by u?
0
Let c(g) = -13*g - 59. Let p(x) = -19*x - 88. Let r(v) = 7*c(v) - 5*p(v). Calculate the remainder when 11 is divided by r(-5).
4
Let v(u) = 2*u + 1. Let q be v(4). Suppose -6*g - 132 = -q*g. What is the remainder when 62 is divided by (-8)/g - 178/(-11)?
14
Let g(l) = l**2 - 4. Let f be g(2). Suppose 0 = b - f*b - 4*k - 29, -5*b - 2*k + 35 = 0. What is the remainder when 21 is divided by b?
3
Let t = -21 + 37. What is the remainder when 0 + (t/4 - 0) is divided by 1?
0
Suppose 7*v - 2*v = 110. Let h = 3 - -9. Calculate the remainder when v is divided by h.
10
Let k = -442 - -443. Let c = 4 + 1. Let v = c + -4. What is the remainder when k is divided by v?
0
Let k = -147 - -60. Let l(w) = -w**2 - 9*w + 1. Calculate the remainder when (-2 - 6/(-4))*(k - -3) is divided by l(-7).
12
Suppose 0 = -2*a + 3*a - 10. Suppose 5*y - 38 = 87. Let j = y - 6. Calculate the remainder when j is divided by a.
9
Let z be 6 - 0 - -10 - 1*3. Suppose 0 = 2*j - 3*t - z, 13 = 5*j + 4*t - 8. What is the remainder when (-86)/(-10) - 4/(-10) is divided by j?
4
Let m(u) = 16*u**2 + 27*u + 166. What is the remainder when m(-5) is divided by 142?
5
Calculate the remainder when (1*9)/((-55)/(-1870)) is divided by 74.
10
Suppose 0 = h - 9 + 3. Suppose -7 = -s + 5*s + 3*o, 5*s + o = -h. Calculate the remainder when ((-1)/(-3))/(s/(-57)) is divided by 7.
5
Let u(g) = -g**2 + 5*g + 7. Let b be u(7). Let d(w) = -w**3 - 8*w**2 - 7*w + 8. Calculate the remainder when d(b) is divided by 4.
0
Let p(k) = -k**3 - 11*k**2 - 10*k + 4. Let q be p(-10). Let l(r) = r**3 - 2*r**2 - r - 3. Calculate the remainder when l(q) is divided by 13.
12
Suppose 3*l - 360 = -2*l + 3*s, 0 = -l + 2*s + 72. Let v = -32 + l. Suppose -4*x = -60 - v. What is the remainder when 72 is divided by x?
22
Let f(x) = 3*x**2 + 65*x - 238. What is the remainder when 192 is divided by f(4)?
52
Let c(w) = -w + 6. Let s be c(3). Suppose 3*h = -s*h + 450. Calculate the remainder when h is 